e tens digit of w?
8
Let l(o) = -2*o**3 - 34*o**2 + 34*o - 35. Let q be l(-18). Let m(d) = 566*d**3 - 3*d**2 + 4*d - 2. What is the tens digit of m(q)?
6
Let g be (181/3)/((-2)/(-12)). Let j be 327/(-545) + 36/10. Suppose g = j*x + 110. What is the tens digit of x?
8
Suppose -l + 8 = 3*l. Let k = 1203 - 1157. Let d = l + k. What is the units digit of d?
8
Let d = -1937 + 957. Let l = d - -1285. What is the units digit of l?
5
Let y be (-1 - -2) + (-1 - -5). Let v be (-29)/203*(1 + -15). Suppose 3*g - 727 = -v*r, -y*g + 240 = 4*r - 971. What is the hundreds digit of g?
2
Suppose -87213 = -5*l - 16*s + 17*s, 3*s + 69766 = 4*l. What is the tens digit of l?
4
Suppose 28725 = 5*h - 5*g, -g + 19155 = 4*h - 3855. What is the hundreds digit of h?
7
Let u(z) = z - 27. Let b(k) = -28. Let w(y) = 5*b(y) - 6*u(y). Let d be w(-8). Let i = d + -28. What is the units digit of i?
2
Let j = -15492 + 27782. What is the ten thousands digit of j?
1
Let v = 41 - 38. Let m be 180/((-8)/(-2)) + v + 0. Suppose b + 2*p - 7 - 31 = 0, 2*b - 3*p = m. What is the tens digit of b?
3
Suppose -41*u = -399017 - 125742. What is the thousands digit of u?
2
What is the hundreds digit of (-14848)/(-580)*(-1 + 6261/6)?
6
Let f = 51739 + -31712. What is the ten thousands digit of f?
2
Let f be 2/12 + (-12664)/(-48). Suppose -3*w = -4*w - 1, -4*w = 4*k - f. What is the tens digit of k?
6
Let r = -60 + 56. Let x be r + (-357 + 2)/(-1). Let c = -201 + x. What is the hundreds digit of c?
1
Let v be 15*(-2)/(-6) - -33. Suppose -177 = 4*a - 597. Let t = a - v. What is the tens digit of t?
6
Suppose 5*i + 4*n = 1960, 1481 = 3*i - 4*n + 305. Suppose 4*s + i = 5*s - 4*m, -3*m - 769 = -2*s. What is the hundreds digit of s?
3
Suppose 3*w + 9 = 0, -7*h - 3*w = 4*h - 216009. What is the tens digit of h?
3
What is the tens digit of 1/(-2) + 3798642/444?
5
Suppose 26*v - 394982 - 510572 = 0. What is the thousands digit of v?
4
What is the tens digit of 34673 - ((-1)/3 - 150/225)*6?
7
Suppose 2*w + u - 57323 = 0, -598*u = -4*w - 603*u + 114655. What is the units digit of w?
0
Suppose -6*s - 2*q = -s + 1, -5*q = 4*s - 6. What is the tens digit of (s + 420 - -1)*6/12?
1
Let x be 8/12 + 2/(-3). Suppose x = -4*y - 5 - 3. What is the tens digit of ((-1)/(y/(-44)))/(13/(-91))?
5
Let n(b) = -2*b**3 - 9*b**2 + 3*b + 6. Let t be n(-5). What is the tens digit of 4896/t - (-3)/(-1)?
0
Suppose 2*b - 2*d + 2 = -2*b, -d = -4*b - 1. Suppose b = 3*g - 2*o - 1056, 426 = 3*g - 3*o - 633. What is the hundreds digit of g?
3
Let b(o) be the third derivative of o**4/6 - 13*o**3/2 + 2*o**2 - 4*o. Let q be b(11). Suppose q*m - 196 = m. What is the tens digit of m?
4
Suppose -h = -5*u + 99096, 0*u - 3*h + 99092 = 5*u. What is the thousands digit of u?
9
Suppose 2*g - 4*g = 4, 3*a - 25 = -4*g. Let d(v) = 6*v**2 - 23*v + 168. What is the units digit of d(a)?
1
Let m = -254 - -294. What is the units digit of (1564/m - 6/(-15))*6?
7
Let u be (-1)/(4/(-28)) - -9. What is the tens digit of 22/12*u*(-9)/(-6)?
4
Let j = -36 + 39. Suppose -2*c = u + j - 1, -3*c = 3*u. Let g(n) = 24*n**2 + 2*n - 2. What is the units digit of g(c)?
0
Let o be (3 + -5 - 1) + (-79)/1. Let x be o*((-225)/(-6))/(-3). What is the units digit of x/20 - 1/4?
1
Suppose -5*u = -15, -2*h + 3*u = -4*h + 13. What is the tens digit of 1*h*8417/38?
4
What is the tens digit of (23 - 6131)/(-3*(-8)/(-36))?
6
What is the ten thousands digit of -12*(12 + 27160/(-32))?
1
Let d = 100290 - 44618. What is the tens digit of d?
7
Let l(n) = n**3 - 38*n - 10. Let w be l(-6). Suppose -4*p + w*h - 4*h + 2872 = 0, 5*p - 3593 = -h. What is the tens digit of p?
1
Suppose -5*c - 30 = -5*a, -5*c - 24 = 5*a - 4. What is the tens digit of (c*(2152/(-20) - 5))/1?
6
Let l = 1734 + -666. Let y(w) = 3*w**3 + 37*w**2 + 9*w - 27. Let n be y(-12). Suppose n*s - 15*s = -l. What is the units digit of s?
8
Let w(z) = -2*z - 30. Let h(v) = -4*v - 59. Let f(i) = -4*h(i) + 7*w(i). Let g be f(-11). Suppose g*y - 356 = -92. What is the units digit of y?
6
Let w(x) = -125*x + 79. What is the units digit of w(-8)?
9
Let x(l) = 9*l - 18. Let y(k) = k**3 - 9*k**2. Let b be y(9). Suppose -5*t = -g + 44, 3*g - 3*t = -b*t + 72. What is the units digit of x(g)?
3
What is the hundreds digit of (2991/12)/((-23)/(-552))?
9
Suppose -99 = -26*q + 5. Suppose 4536 = 5*g + q*h, 3*g = 2*g - 7*h + 901. What is the tens digit of g?
0
Let i(q) = 686*q + 17. Let o = -79 + 80. What is the hundreds digit of i(o)?
7
What is the units digit of (-6064565)/(-585) - (8/6)/(-3 + -3)?
7
Suppose 7 = -g - 1. Let n = g + 5. What is the tens digit of 0 + (81 - (-3)/n)?
8
Let n(o) = 14*o**3 + o**2 - 9*o - 3. Let w(l) = -7*l**3 + 5*l + 2. Let y(r) = -3*n(r) - 5*w(r). Let c be y(2). Let h = -14 - c. What is the units digit of h?
1
Let w = 33 + -34. Let y be w - ((-6)/2 - (4 - 5)). What is the units digit of (5 - y)/4*(3 + -1)?
2
Let j = 60 + -32. Let z be 1569/(-21) - 8/j. What is the tens digit of (-2 - 1) + (-2 - z)*1?
7
Let w(k) = -15*k + 27. Let d be w(6). Let n = d + 64. What is the units digit of n/(8/12)*16/12?
2
Suppose 0*o + o - 2*t + 6 = 0, -41 = -4*o - 5*t. Suppose -4*n + o + 4 = 0. Suppose n*d - 3*d = -20. What is the units digit of d?
0
Let g(q) = 5*q**3 + 41*q**2 + 87*q + 11. Let z(i) = -3*i**3 - 21*i**2 - 44*i - 5. Let f(u) = -4*g(u) - 7*z(u). What is the units digit of f(20)?
1
Let j be (-2 - -1) + -5 - -14. Let y(o) = 3*o**2 + 19*o - 12. What is the tens digit of y(j)?
3
Suppose 348438 = 114*x + 99006. What is the thousands digit of x?
2
Let w(z) be the third derivative of z**5/15 - z**4/8 - z**3/6 + 2*z**2. What is the units digit of w(2)?
9
What is the units digit of (1/(-14))/(56/196) - (-11506)/8?
8
Let f(u) = 6*u**2 + 50*u + 11. Let h be f(-8). What is the tens digit of (6 + -4)/(h/(-180)*4)?
1
Let p = 333 + -297. Suppose d = 2, p*j - d = 31*j + 2823. What is the units digit of j?
5
Let l be (-228)/28 + 5/35. What is the tens digit of (0 - -11)*(-57)/(-11 - l)?
0
Suppose 25 = 5*u + q, 2*q = u - 0*q - 5. Suppose -1388 - 362 = -u*c. What is the units digit of c?
0
Let f be (-2)/6*(0 + 0/2). Suppose 5*k + 86 - 501 = f. Suppose 4*j - 487 = -k. What is the hundreds digit of j?
1
Suppose 12*z + 6 = 14*z. Suppose -5*c + 530 = 2*w, w = -0*c - z*c + 317. What is the units digit of c?
4
Suppose 4*w - 102241 = d, 3*d + 79202 = 3*w + 2528. What is the hundreds digit of w?
5
Let f(t) = 17*t**2 - t - 4. Let p be f(-5). Suppose -35*g = -37*g + p. Suppose c = -4*d + g, -639 = -4*c + c + 5*d. What is the units digit of c?
3
What is the tens digit of 60/(-35)*(829024/192)/(1/(-3))?
0
Let l(g) = g**3 + g**2 + g - 488. Let a be (6/(-21))/(-1) + 10/(-35). Let m be l(a). What is the units digit of -4 + m/(-4) - 2?
6
Let z be 2*(-4)/48*-6. Let v be z*4/(4/451). Let y = -201 + v. What is the tens digit of y?
5
Let s = 24892 - 17099. What is the hundreds digit of s?
7
Let g = 239 + -236. What is the hundreds digit of 449/g - 8/(-6)?
1
Let m = 127 + -186. Let o be m/(-1) - 2 - 4. Suppose p + 2*k - o = -0*k, 0 = 3*p - 2*k - 183. What is the units digit of p?
9
Let z be ((-104)/(-18))/(12/54). Suppose 22*r - z*r = -1960. What is the hundreds digit of r?
4
Suppose -8*l - 3 = -11*l. Let q be 7*(-3 - -10) + l. Suppose z = -2*a + q + 36, -90 = -2*a - 2*z. What is the tens digit of a?
4
Let t(k) = 791*k - 3209. What is the tens digit of t(11)?
9
Suppose 4885919 + 6020115 = 309*j + 226685. What is the thousands digit of j?
4
Suppose 2153*u - 203968 = 2137*u. What is the units digit of u?
8
Suppose s + g = 79, -5*s + 358 = g - 17. Suppose i = s - 33. Suppose -4*v + q + 107 = -12, v = -2*q + i. What is the tens digit of v?
3
Suppose 4*h = -5*x + 178663, 111*x - 108*x = -2*h + 107197. What is the hundreds digit of x?
7
Suppose -409*m + 329*m + 1220560 = 0. What is the tens digit of m?
5
Let g = 25859 - 17436. What is the tens digit of g?
2
Suppose -7*i = 63*i - 536480. What is the units digit of i?
4
Let i be -1*(3 - 1)*-1. Let q be (i + (-10)/4)*-46. Let c = q + -2. What is the tens digit of c?
2
Suppose -88*f + 185410 = -47438. What is the tens digit of f?
4
Let g be (14 - 10) + (-1 - -1605 - 1). Suppose z - 2*c = 2*c + 406, 4*z + c = g. What is the tens digit of z?
0
What is the tens digit of (-18)/(-3) + -28 + 691?
6
Let z = 57 - 33. Let v